*r + c. What is the units digit of o?
4
Suppose 24*q = 25*q - 66. What is the hundreds digit of (q/(-9))/(21/(-3465))?
2
Suppose 0 = -2*f - 327 + 83. Suppose 38 + 510 = 2*p - 2*c, 4*p = -5*c + 1069. Let r = f + p. What is the tens digit of r?
4
Let l = -23591 - -33938. What is the ten thousands digit of l?
1
Let x(b) = 2*b**3 + 23*b**2 + 21*b - 3. Let m be x(-9). Let o = 542 - m. What is the tens digit of o?
2
Let v(u) = u**3 + 19*u**2 - 44*u - 23. Let l be v(-21). Suppose -l*m - 1843 = -38*m. What is the tens digit of m?
9
Let w(o) = 3659*o**3 + 3*o**2 + 20*o - 22. What is the hundreds digit of w(1)?
6
Suppose 0 = 131*p - 5320727 - 485586. What is the tens digit of p?
2
Let t(z) = 7*z**2 - 5*z + 623. Let j(c) = 5*c**2 - 7*c + 624. Let y(u) = 3*j(u) - 2*t(u). What is the units digit of y(0)?
6
Let m(b) = 6 + 13 + b**3 + 4*b - 34*b**2 - 4. What is the units digit of m(34)?
1
Suppose 11*t + 7*r - 41072 = 10*t, 2*t = -r + 82157. What is the hundreds digit of t?
0
Let j(u) = -2*u**3 - 9*u**2 - 7*u - 36. Let z be (3 - 12) + 5/5. What is the hundreds digit of j(z)?
4
Let y(l) = 1192*l - 1. Let d be y(-1). Let u = -803 - d. What is the units digit of u?
0
Let p be 440/25 + 0 - (-8)/20. What is the thousands digit of 1*(-9)/p*-3118?
1
Let t = 18350 + -10441. What is the tens digit of t?
0
Let l(t) = 10013*t**3 - 14*t**2 + 12*t - 1. What is the tens digit of l(1)?
1
Let f(w) = 67*w**3 + 5*w**2 - w. Let h be f(1). Suppose 7335 = 80*x - h*x. What is the units digit of x?
5
Let l(o) = -165*o - 334. Let y be l(-20). Let n = y - 2025. What is the units digit of n?
1
Let p be 25/(-10)*(-18)/3. Suppose 0 = -3*f - 4*b + 121, f - 50 = -4*b - p. Suppose -f*l + 44*l = 83. What is the units digit of l?
3
Suppose 2*o = -5*p + 14, 8 = -3*p + 7*p. Let x be 533/9 + o/(-9). Let l = 5 + x. What is the tens digit of l?
6
Suppose 2*z + 38 = 3*r + 7, 0 = z - 2*r + 18. Let j(x) = 30*x**2 + x + 1. Let w be j(-1). Let n = z + w. What is the tens digit of n?
2
Suppose -8*s + 53996 = 3980. What is the tens digit of s?
5
Let k(c) = -217*c + 308. What is the hundreds digit of k(-19)?
4
Let k be -1*(-4)/10 - (3942/30 - 5). Suppose 2*j - 186 = -j. Let c = j - k. What is the hundreds digit of c?
1
Suppose 0 = 3*j - 3, -4 = -4*z - 0*j + 4*j. Suppose -3*q = z*g - 1153, 0 = 2*g + g + 3. What is the units digit of q?
5
Suppose h + 51 = 19. Let s = -185 + h. What is the hundreds digit of ((-408)/14)/(31/s)?
2
Suppose 0 = -i - 0*v + 2*v + 276, -v + 807 = 3*i. Let a = -143 + i. Suppose 5*f - a - 203 = 0. What is the units digit of f?
6
What is the ten thousands digit of ((-200)/(-500))/(-4*(-1)/368740)?
3
Suppose -23 - 12 = 5*p. Let k = p + 7. Suppose z - 3*x = -k*z + 71, 3*z - 4*x = 203. What is the units digit of z?
5
Suppose -2*i + 3*h = -22883, -i + 3*h + 6738 = -4708. What is the tens digit of i?
3
Suppose -24*v + 145 = 5*v. Suppose -395 - 1595 = -v*q. What is the tens digit of q?
9
Let l(r) be the first derivative of -17*r**2 + 38*r + 71. What is the hundreds digit of l(-9)?
3
Suppose 9*t - 986 = 1300. Suppose -5*v + 2969 - t = 0. What is the units digit of v?
3
Let i(v) = 70*v**2 - 17*v - 40. Let f be (2/3)/((-238)/18 - -13). What is the hundreds digit of i(f)?
6
Suppose t + 26917 = 9*k - 7*k, 4 = 4*t. Suppose -k = -17*s + 11786. What is the units digit of s?
5
Let c(u) = -u**2 + 36. Let r be c(6). What is the hundreds digit of (r + 239)/((-4)/(-16))?
9
Suppose -433*d + 438*d + 55 = 0. Let m(x) = -62*x + 122. What is the tens digit of m(d)?
0
What is the ten thousands digit of (-1)/6*(-2)/(-1) - 55775766/(-1602)?
3
Let q = 2956 - 1708. Let y = q + -617. What is the units digit of y?
1
Suppose m + 115 = 5*b, 18*m - 57 = -3*b + 21*m. Suppose -12*z = b*z - 22176. What is the tens digit of z?
1
Suppose -27*y + 363068 + 193410 - 142919 = 0. What is the thousands digit of y?
5
Let t(v) = 5 - 4*v**2 + 0*v**3 - v**3 - 2*v**2 + 43 + 14*v. What is the hundreds digit of t(-10)?
3
Suppose 47844 - 45005 - 305895 = -31*f. What is the thousands digit of f?
9
Suppose 3*r + 15 = 0, 3*r = p + 2*p - 4992. What is the tens digit of p?
5
Suppose 1946 = -4*t + 1938. Suppose s - 5*l = 4, -2*l = 4*s - l + 26. What is the tens digit of 79*t/(-4) + s/(-4)?
4
Let q(f) = -6*f + 33. Suppose 2*t + 4*d + 22 = -0*t, 31 = -5*t + 2*d. What is the units digit of q(t)?
5
Let c be ((-212 - 6) + -5)*-1. Suppose -3*j + 24 = 4*h - c, 4*h = -8. What is the units digit of j?
5
Let u = -45 - -49. Let i be ((-6)/(-2))/(u/8). Suppose -i*n - n = -693. What is the tens digit of n?
9
Suppose -62*m - 19731 = -65*m. What is the units digit of m?
7
Suppose 28*i - 42*i + 140 = 0. Suppose 0 = i*a - 921 - 369. What is the hundreds digit of a?
1
Let n(z) = 2*z**2 - 5*z - 23. Let g(v) be the first derivative of v**4/2 - 4*v**3 + 2*v**2 - 15*v + 21. Let t be g(6). What is the units digit of n(t)?
4
Let x = 17375 - 7534. What is the units digit of x?
1
Suppose 4 = 4*m + 4*q - 8, -m + 5*q + 15 = 0. Suppose -4*t = x - 15, -2*t + 4 = -x - m. Suppose t*b - 292 = -0*b. What is the units digit of b?
3
Suppose -78*j + 3162 = -77*j - 3*z, 0 = -5*j - 2*z + 15861. What is the units digit of j?
1
Let o(n) = 39*n**3 + 6*n**2 + 116*n - 574. What is the tens digit of o(5)?
3
Let v(u) = -373*u**3 + 3*u**2 - 36*u - 3. What is the units digit of v(-6)?
9
Suppose 76*o = -39*o - 670546 + 5170266. What is the units digit of o?
8
What is the tens digit of 38975/1 - (-32)/60*3*5?
8
Let g(x) = -427*x - 2300. What is the thousands digit of g(-9)?
1
Suppose -16 = -10*b + 4. Suppose 0 = 2*t - 6 + b. Suppose v = 5*g - 1218, -723 = -t*g - 3*v - 229. What is the tens digit of g?
4
Let g(i) = 16*i - 16. Let v be g(-14). What is the hundreds digit of (30/v - 14/16)*-371?
3
Suppose 28*d = -23*d + 22*d + 238206. What is the units digit of d?
4
Let f = 370 + -503. Let b = f - -501. What is the hundreds digit of b?
3
Let f(r) = r - 180. Let z be f(32). Let q = z + 157. What is the units digit of q?
9
Suppose 194 = 9*r + 707. Let f = -50 - r. Let k(l) = 5*l + 2. What is the units digit of k(f)?
7
What is the units digit of (-2 - -1 - (-9)/6) + (-1865285)/(-118)?
8
Let u(j) = -j**2 - 5*j - 2. Let i be u(-4). Suppose -5*x + 415 = 5*n, 0*n = -i*x + 4*n + 190. Let o = x + -44. What is the units digit of o?
3
Let a(u) = 14*u**2 + 17*u + 29. Let o be a(-5). Let d = o + -44. What is the units digit of d?
0
Suppose 3*k - 4*l + l - 3 = 0, k - 6 = -4*l. Let y(x) = -k - x**2 + 0 + 5*x**2 + 3*x + 6*x**2. What is the units digit of y(1)?
1
Suppose 10035 = -2*t + 17*t. Let q = t + -389. What is the tens digit of q?
8
Let f = 47 + -44. Suppose -f*v - 17 = -44. Suppose -4*t + 468 = -v*s + 4*s, 3*t + s = 351. What is the hundreds digit of t?
1
What is the thousands digit of 14/21*138/12*489?
3
Let m(u) = -355*u + 5109. What is the tens digit of m(13)?
9
Suppose 5 = -3*x + 3*u + 41, 45 = 5*x - 2*u. Let w be x/((-21)/(-2))*504. What is the tens digit of w/(-64)*32/(-3)?
5
Suppose 108 = -44*g - 24. What is the units digit of -2 + (401 - 0/g - 1)?
8
Let h(l) = l**3 + l**2 - 2*l + 2. Suppose -9 = 4*y - 1, -5*y + 14 = -2*o. Let a be 3/(-6)*4*o/8. What is the units digit of h(a)?
2
Suppose 5*g - 614 + 509 = 0. Let i(h) = h**3 + 8*h**2 - 3*h + 2. Let s be i(-8). Let t = g + s. What is the units digit of t?
7
Let u be ((-24)/40)/(1/(-455)). Let c = u - 90. What is the hundreds digit of c?
1
Let a(n) = 22*n + 92*n + 42*n + 6. Let t(d) = -156*d - 7. Let m(v) = -6*a(v) - 5*t(v). What is the hundreds digit of m(-1)?
1
Let i(j) = -1168*j + 387. What is the thousands digit of i(-2)?
2
What is the tens digit of 2/28*-2 - (-2400798)/791?
3
Suppose -3*t - 329131 = -4*z, -208*t = -4*z - 206*t + 329138. What is the hundreds digit of z?
2
Suppose -66 = 2*x - 132. Let b = x + -30. Suppose 0 = 4*c - 4*k - 36, b*k = -3*c + 21 + 30. What is the tens digit of c?
1
Let s(f) = -3*f**2 + 82*f - 29. Let m be s(27). Let q(r) = 428*r**2 + 13*r + 9. What is the thousands digit of q(m)?
1
Let j = -20472 + 39471. What is the thousands digit of j?
8
What is the hundreds digit of 18984/(-1695)*8495/(-2)?
5
Let f(t) = t**3 + 41*t**2 + 52*t - 1121. What is the ten thousands digit of f(29)?
5
Suppose -8*m - 2*m - 46181 + 142691 = 0. What is the units digit of m?
1
Suppose 686 = 2*i - 820. Suppose -5*s + 2393 = i. What is the 